est common divisor of 20 and o?
10
Suppose -5*l - 7 = -2*m + 32, 0 = 5*l - 5*m + 30. Let j be 3 - 2 - (l - 1). What is the greatest common divisor of j and 11?
11
Suppose -16*q - 386 + 1682 = 0. What is the greatest common divisor of q and 54?
27
Let u(x) = -x**2 + x. Let a be u(-3). Let b be 0 - -6*a/(-3). What is the greatest common divisor of 120 and b?
24
Let f(t) = 3*t + 3. Let l be f(10). Calculate the highest common factor of 66 and l.
33
Suppose 2 = -3*f + 3*l + 5, -2*l - 12 = 3*f. Let i be (1 + -3)/(f + 0). Let w = 1 - -1. Calculate the highest common factor of w and i.
1
Suppose -p - 17 = 5*z, z - 13 + 58 = 5*p. What is the greatest common divisor of 88 and p?
8
Suppose -2*o + 4*o - 90 = 0. Suppose -b + o = 2*b. Let a(q) = 23*q + 4. Let j be a(7). Calculate the highest common divisor of b and j.
15
Suppose -3*d = -4*w + 92, 2*w - d + 6*d = 20. Let o = -24 - -35. Let p = -6 + o. Calculate the highest common divisor of p and w.
5
Let s(y) = 11*y - 1. Let l be s(-2). Let p = 36 + l. Calculate the greatest common divisor of p and 117.
13
Let u be 5/((-15)/12) + 14. What is the highest common factor of u and 50?
10
Suppose -40 = -5*h + 25. Let p = h + 15. Calculate the greatest common divisor of p and 7.
7
Suppose k = -2*x - x + 96, 4*x = 3*k + 141. Let q(l) = 5*l - 2. Let o be q(6). Let r = o + -17. What is the greatest common factor of x and r?
11
Suppose 0 = -8*j + 3*j + 20. Let k be ((j - 8) + 3)*-28. Suppose 0 = 4*z + z - 35. Calculate the greatest common factor of k and z.
7
Suppose 2*z - z = 15. Let h(m) = m**3 + 4*m**2 - 1. Let q be h(-3). Let y = q - 5. What is the highest common factor of y and z?
3
Suppose -5*z = 2*k - 32, 8*k = -2*z + 5*k + 4. What is the highest common divisor of 48 and z?
8
Let h(z) = z**3 + 2*z**2 + 2*z + 12. Let j be h(0). What is the highest common divisor of j and 156?
12
Let d = 41 + -6. Let w be (-10)/(-3)*(-3)/(-2). Suppose w*b - d = -5*n, n = 3*b - 3*n. Calculate the greatest common divisor of b and 36.
4
Let f = -9 - -10. Suppose -j - f - 4 = -l, -4*l = -3*j - 24. What is the highest common divisor of l and 72?
9
Suppose -v + 158 = 5*m - 2*v, 5*v = 4*m - 118. Let s be (2 - (-1 - -1)) + -14. Let o be (8/12)/((-2)/s). What is the highest common divisor of o and m?
4
Let b be 2/(-1 + (-186)/(-183)). Let q be b/18 - 6/(-27). Calculate the greatest common divisor of q and 63.
7
Let b(q) = -q + 8. Let f be b(5). Let m = 29 + f. What is the greatest common factor of m and 80?
16
Let h(g) = -2*g - 1. Let m be h(-5). Let f be (-6 + 5)*(0 - 0). Suppose -3*d = 5*x + d - 53, 5*x - 3*d - 39 = f. What is the greatest common factor of x and m?
9
Let r = -3 + 16. Let q = r + 11. Suppose -d + 0*h = 2*h - 50, 5*h - 197 = -4*d. Calculate the highest common divisor of d and q.
24
Suppose -2 + 0 = t. Let h(o) = 2*o**2 - 2. Let u be h(t). Let i be ((-4)/6)/((-2)/72). Calculate the highest common factor of u and i.
6
Let a(s) = -s**3 + 17*s**2 - 17*s + 30. Let w be a(16). Suppose -3*t + 130 = 4*u, -4*t + 173 = -0*u + 5*u. What is the highest common divisor of t and w?
14
Let u(i) = -13*i. Let m be u(1). Let a = 43 + m. What is the highest common factor of a and 6?
6
Let t be 57/3 - (8/4)/1. Calculate the greatest common divisor of 17 and t.
17
Let s be 8/(-10)*(-30)/4. Let d(g) = g + 24. Let z be 4/(-18) - (-2)/9. Let b be d(z). What is the greatest common factor of b and s?
6
Let f be (-790)/(-5) + -2 + -3. Calculate the greatest common factor of 17 and f.
17
Let g = -11 + 6. Let i be g/20 + 65/4. What is the highest common factor of 80 and i?
16
Suppose 165 = 5*g - 220. Calculate the highest common factor of 7 and g.
7
Let t = 0 - -4. Suppose 0*k = -t*k + 120. What is the greatest common divisor of 330 and k?
30
Suppose -90 = -5*o + 155. Suppose 2*w = -3*w + 35. What is the greatest common divisor of o and w?
7
Let z be 4 + -118*(-2)/4. What is the highest common divisor of z and 7?
7
Suppose 0 = 2*z - 10 - 8. Suppose -2*m + 27 - z = 0. Let y be (-98)/(-1) + 1/1. Calculate the greatest common factor of m and y.
9
Let p(j) = 2*j**2 - 2*j + 6. Let d be p(5). Let z = -14 + d. Calculate the highest common factor of 4 and z.
4
Let h = 16 + -1. Calculate the highest common factor of h and 120.
15
Let n(m) = m**3 + 7*m**2 - m + 2. Let a be n(-7). Let r = 1 + 2. Suppose 30 = -r*t + 8*t. Calculate the highest common factor of a and t.
3
Let r(t) = 46*t**2 - 3*t - 1. Let y be r(-2). What is the highest common factor of 27 and y?
27
Suppose -g + 3*m = -65, -3*m - 39 = 2*g - 142. What is the highest common factor of 504 and g?
56
Suppose 3*x - 32 = x. Let y = -7 + x. What is the greatest common factor of 81 and y?
9
Let s be 1 + 0 + (2 - 2). Let h(y) = -2*y - 50. Let j be h(-27). Calculate the greatest common factor of j and s.
1
Let c be 5 + 141/6 + 3/(-2). Calculate the highest common divisor of 108 and c.
27
Let h be ((-3)/2)/(24/(-64)). What is the highest common divisor of h and 8?
4
Let y = 149 + -65. Let a be 0/2 + (-10)/1. Let o be ((-24)/(-10))/((-2)/a). Calculate the highest common divisor of o and y.
12
Let a(q) = 9*q**2 - 6*q + 1. Let y be a(4). Suppose -3*f - 2*f - 20 = 0. Let x be 3 - (-3 + f + -1). What is the greatest common factor of x and y?
11
Suppose 0 = -4*r - 5*y + 3 - 4, 4*r - 3*y - 39 = 0. Let v be -1 - r/(-2 - 0). Let j be ((v - 67) + 2)*-1. What is the highest common divisor of j and 9?
9
Let t(y) = -y**3 - 3*y**2 + 5*y - 6. Let w be t(-5). Suppose -5*j + 640 = 5*r, 0*r = -3*j + 5*r + 424. Calculate the greatest common divisor of w and j.
19
Suppose 5*o - 15 = 2*o. Calculate the highest common divisor of 45 and o.
5
Suppose -5*v + 2*i = -2, -3*v - i = 3*i - 22. Suppose -v*a = a - 78. What is the greatest common factor of 65 and a?
13
Let w = 46 + -20. Suppose k - 36 = 5*i, 2*i - w = -3*k - 3. Calculate the highest common factor of k and 11.
11
Suppose -4*y - 4*q + 8 = 0, 4*y + 0*y + 2*q = 8. Let s be -10*y/(-15)*3. Let n = -2 + s. Calculate the greatest common divisor of n and 10.
2
Suppose c - 18 = -2*c - 3*r, -c - 3*r = -4. Let f(x) = -5 - 3 - 3*x - 1 + c*x. Let m be f(7). Calculate the greatest common divisor of m and 19.
19
Let p = 2 + 2. Suppose r + p*r - 20 = 0. Let a = -39 - -55. What is the highest common factor of r and a?
4
Let m be (32/10)/(9/495). Calculate the highest common divisor of 22 and m.
22
Suppose i + 2*i = 4*r + 628, 2*i - r = 427. What is the greatest common factor of i and 27?
27
Let f = 5 - 3. What is the highest common divisor of 8 and f?
2
Suppose -m = -3*o - 9, -5*o - 12 - 4 = -2*m. Let z(p) = -p**2 + 6*p - 2. Let y be z(5). Calculate the highest common divisor of y and m.
3
Let g = -146 - -160. Suppose 2*p = -3*s + 30, 7 = -3*s - 5. What is the highest common divisor of p and g?
7
Let p = 3 + 1. Suppose 0 = p*z - z. Suppose z*j = 3*j - 63. Calculate the highest common divisor of j and 168.
21
Let t(p) be the first derivative of -p**2 - 2*p - 1. Let y(b) = b**2 + 6*b - 2. Let o be y(-6). Let v be t(o). What is the greatest common factor of 2 and v?
2
Let m(c) = -c + 11. Let v be m(6). Suppose 5*x - x = 2*g, -5*g + 20 = 0. Calculate the highest common factor of x and v.
1
Let f be (1 + 454/(-6))/((-8)/24). What is the highest common factor of f and 14?
14
Suppose -2*p + 2*c + 18 = 0, 4*p - 69 - 7 = -4*c. Let r = 274 - 120. Calculate the highest common factor of p and r.
14
Let o = -19 + 21. Calculate the highest common divisor of 18 and o.
2
Let k(t) = 2*t**2 - 2*t + 3. Suppose -4*h + 11 = 3. Let l be k(h). Suppose 0 = l*z - 2*z - 45. What is the highest common factor of 90 and z?
9
Let f be (297/6)/(3/64). Suppose 0*k = 4*k - f. Suppose 0*h + 3*h - k = 0. Calculate the greatest common factor of 11 and h.
11
Let h be -6*(0 + -1 + -3). Let v be (-227)/(-2) - 2/(-4). Suppose 2*o - 75 = -q, 0 = 3*o + 5*q - 3*q - v. Calculate the highest common divisor of o and h.
12
Let v = 13 + -3. What is the highest common divisor of 90 and v?
10
Suppose 0 = 2*b + 2*b - 12. Suppose -2*d = 3*s + 2, -b*d - s + 4 = -7. Let r = 52 + 3. What is the highest common divisor of d and r?
5
Let u = 3 - -9. Let p = 37 - -15. Let s = p - 28. What is the highest common divisor of u and s?
12
Suppose 3*d = -6 + 21. Suppose -d*f = -99 - 701. Calculate the highest common factor of f and 20.
20
Let t be ((-4